ed by 791?
10
What is the remainder when 244 is divided by (3 + 414/30)*(10 + (-6 - -1))?
76
Let y be (-3)/(18/16) + (-39)/117. Let w = 89 + -53. Calculate the remainder when w is divided by (2 + 8/y)/(2/(-30)).
6
Suppose 2*b - 23*b + 4368 = 0. What is the remainder when b is divided by 45?
28
Let i(g) = -18*g**2 + 1375*g + 264. Calculate the remainder when i(75) is divided by 10.
9
Suppose 6 = -5*n + 16. Suppose 0*s + 5*g - 5 = 2*s, -n = s - 3*g. Calculate the remainder when -1 - -1 - (-2 + s) is divided by 2.
1
Let t(m) = -m**2 - m + 45. Let h(z) = 7*z - 51. Let x be h(9). Suppose -9*o + x*o - 72 = 0. Calculate the remainder when t(0) is divided by o.
21
Let k be (-36 + 37)*(10 + -1). Suppose k*j + 236 = 13*j. Calculate the remainder when 176 is divided by j.
58
Suppose -871 + 314 = -4*v - w, 4*v - 5*w - 599 = 0. Calculate the remainder when 434 is divided by v.
11
What is the remainder when (((-2230)/25)/1)/(8/(-20)) is divided by 82?
59
Let w(b) = -24*b - 1. Let f be w(4). Let l = f - -171. Suppose -v + 19 - 147 = -4*k, l = 2*k + 2*v. Calculate the remainder when k is divided by 10.
3
Suppose 35 = -5*y, l - 209 = 1489*y - 1491*y. Calculate the remainder when l is divided by 119.
104
Suppose 18*r - 5189 = -2489. Calculate the remainder when r is divided by 86/6 - (-4)/(-12).
10
Let x(z) = -78*z + 107. Let d be x(1). Suppose -68*k + 1170 = -d*k. Calculate the remainder when k is divided by -2*-1*(-13)/(-2).
4
Suppose -21 = 3*d, -13*w - 241 = -14*w + 5*d. Let k = -24 + 50. Calculate the remainder when w is divided by k.
24
Let m be (-2 - 40/(-22)) + (-116200)/(-220). Suppose m = 3*b - 3*g, 0 = -b + g - 2*g + 182. What is the remainder when b is divided by 13?
10
Let d = -13 - -28. Let p = -55 + 66. Let g = p - -13. Calculate the remainder when g is divided by d.
9
Suppose 8*z = 6*z - l + 2949, -7390 = -5*z + l. Calculate the remainder when z is divided by 20.
17
Let g(i) = i**2 + 3*i - 41. Suppose -109 + 119 = -q. What is the remainder when g(q) is divided by 12?
5
Suppose 4*a = -5*u + 9614, u + 358 = 364. Calculate the remainder when a is divided by 24.
20
Suppose -29*x + 11975 + 11341 = 0. Let v = x - 490. What is the remainder when v is divided by 16?
10
Let v = 1959 - 1774. Calculate the remainder when 190 is divided by v.
5
Suppose 235 = 20*n + 15. Suppose -45 = -n*z + 8*z. Calculate the remainder when 25 is divided by z.
10
Suppose 2*i + 3*r = 839, -2*r + 4*r = -3*i + 1251. Calculate the remainder when i is divided by 3/(-5) + 21168/1080.
16
Let z(n) = -2*n**3 - 2*n**2 + 3*n + 6. Suppose 5*v = -3*j + 811, 3*j - 326 = -2*v + j. What is the remainder when v is divided by z(-3)?
29
Suppose -36*q - 2160 = -54*q. Suppose j + 4*j + 5*w - q = 0, -48 = -3*j + 5*w. Calculate the remainder when 1005 is divided by j.
18
Let p(n) = n**3 + 11*n**2 - 73*n - 380. What is the remainder when p(-11) is divided by 21?
3
Suppose 18*p = 733 + 11921. What is the remainder when p is divided by 88?
87
Suppose 2*i = -5*z + 900, 238 = 2*z - 4*i - 146. What is the remainder when 619 is divided by z?
73
Suppose -4*w = -5*a + 7077, -4*a + 25*w = 21*w - 5656. What is the remainder when a is divided by 237?
236
Suppose 4*a + 2*j = 758, 4*a + 15*j - 17*j - 754 = 0. What is the remainder when a is divided by 114?
75
Suppose 2*y + 3 = 3*y. Let m(f) = -185*f**2 + 4*f - 2. Let o be m(y). What is the remainder when 71 is divided by o/(-45) + ((-32)/36)/(-4)?
34
Suppose 4*w - 4 = 5*z - 334, -5*w + 375 = 5*z. Calculate the remainder when 46/((12/(-9))/(-4)) is divided by z.
68
Calculate the remainder when (-39924)/(-15) - (-8)/(-20)*-1 is divided by 18.
16
Let f = 3024 - 2858. Suppose 3*h - 4*r - 200 = -37, h = -2*r + 41. What is the remainder when f is divided by h?
19
Suppose y - 17 = -z + 17, -4*y + 68 = 2*z. Calculate the remainder when 96 is divided by z.
28
Let p = 27 + -15. Let o(f) = f**3 - 12*f**2 + 2*f + 24. Let j be o(12). What is the remainder when j*-1*8/(-12) is divided by p?
8
Suppose -2*d = -3*n + 1236, 38*d = -5*n + 42*d + 2064. What is the remainder when n is divided by 34?
0
Suppose 5*w + l = -376 + 1425, 0 = -2*w - 4*l + 398. Calculate the remainder when 219 is divided by w.
8
Let t(l) = -2*l**2 - 10*l + 475. Calculate the remainder when 120 is divided by t(-17).
53
Suppose -2*d + 2*q + 66 = 0, -5 = 3*d - 2*q - 107. Let p(a) = a**2 + 8*a - 14. What is the remainder when p(-14) is divided by d?
34
Calculate the remainder when 102 is divided by (-30)/9*21/(-14)*(-66)/(-6).
47
Suppose 405 = -26*k + 41*k. What is the remainder when (29 - 0) + 6/2 is divided by k?
5
Let k(v) = -v**2 - 35*v + 386. What is the remainder when k(-29) is divided by 53?
30
Let o be 1330/(-38)*(-293)/5. Suppose 10*r - o = 3*r. Calculate the remainder when r is divided by 77.
62
Suppose -38*p + 2155 = -429. Suppose -4*w + 101 - 28 = 3*q, 0 = -3*q + 4*w + 65. Calculate the remainder when p is divided by q.
22
Let y(a) = a**3 + 25*a**2 + 24*a + 39. Let f be y(-24). Let m = 46 - f. Calculate the remainder when m is divided by 3.
1
Let c = 29 - 18. Let x = -81923 + 81975. Calculate the remainder when x is divided by c.
8
Suppose 32*a - 126 - 450 = 0. What is the remainder when 54 is divided by a?
0
Let d(l) = 22*l - 89. Suppose -4*z - z = -35. Calculate the remainder when d(5) is divided by z.
0
Suppose 26*q - 10 = 21*q, -3*n - q = -11. Suppose -5*h = -3*u - 40 - 118, 4*u = n*h - 97. What is the remainder when h is divided by 26?
5
Suppose -5*v = 3*g - 62, -10*v + 4*g = -11*v + 26. What is the remainder when 3039 is divided by v?
9
Let d(u) = -156*u - 1924. What is the remainder when 841 is divided by d(-15)?
9
Let b = 366 + 65. Calculate the remainder when b is divided by 6/(-144) + 21607/744.
25
Let v = 8111 + -8079. What is the remainder when 6014 is divided by v?
30
Suppose r + 938 = 4*x, 2*r + 914 + 263 = 5*x. What is the remainder when x is divided by 93?
47
Suppose 83*a = 79*a + 228. What is the remainder when 1196 is divided by a?
56
Suppose 2800 = 5*b - 0*b - 2*s, -4*s - 1136 = -2*b. Suppose 0 = -6*m + b - 192. What is the remainder when m is divided by (-3)/((-27)/(-12))*-12?
13
Suppose 0 = -3*i + w + 554, 2*i + w + 739 = 6*i. Let u = -181 + i. What is the remainder when 123 is divided by u?
3
Suppose -16 - 8 = -2*u. Let o be (18 - -4) + (-4 + 1 - -3). Calculate the remainder when (75/(-9) - -1)*(-99)/o is divided by u.
9
Suppose -3*k - 3 - 129 = -2*c, -2*c - 4*k + 174 = 0. What is the remainder when 538 is divided by c?
13
Suppose 2*b - 4*c - 1639 = -417, 2*c = 4*b - 2432. Calculate the remainder when b is divided by 22.
13
Let b(u) be the second derivative of -1/6*u**3 + 0 - 7*u**2 + 44*u. What is the remainder when 49 is divided by b(-31)?
15
Suppose 325*a - 16103 = -177*a - 4055. Let l = 261 + -172. Calculate the remainder when l is divided by a.
17
Suppose 70*s - 1972 = -3*s + 5*s. What is the remainder when 825 is divided by s?
13
Let c be ((-98)/147)/(2/(-60)). Calculate the remainder when 254 is divided by (-3 - -38) + 1 - 80/c.
30
Let w(o) = -o**3 - 33*o**2 + 236*o + 258. Calculate the remainder when w(-42) is divided by 12.
6
Let x(u) = -11*u**2 - u + 2. Let q be x(1). What is the remainder when (4/10)/((-12)/(-1830)) is divided by (-214)/q - (2 - (-24)/(-15))?
19
Let o(r) = -5*r + 1. Let h = -274 - -277. Suppose -3*d + h*c + 9 = -24, -33 = -3*d - 3*c. Calculate the remainder when o(-6) is divided by d.
9
Let o be (-1 - 1)/(((-16)/10)/4). Suppose 0 = 2*k - j - 21, 5*k + o*j = -2 + 17. Let l = -28 + 40. What is the remainder when l is divided by k?
4
Let t(l) = 4 - 3 - 8*l**3 + 9*l**2 + 9*l**3. Let k be t(-9). Suppose 4*q - 31 = k. Calculate the remainder when 12 is divided by q.
4
Let i(z) = -3*z**3 + 0*z**3 - 8*z - 9 - 12 - 12*z**2 + 2*z**3 - 12. Calculate the remainder when i(-13) is divided by 65.
45
Suppose 0 = 177*p - 264 - 2037. Let i = 6 - 4. Suppose i*o - 88 = -4*t, 3*t - 4*o - 54 = t. Calculate the remainder when t is divided by p.
10
What is the remainder when 332160/780 + (-2)/(-13) is divided by 147?
132
Let w(q) = -18*q - 31. Suppose -4*d = -133 - 15. Calculate the remainder when d is divided by w(-2).
2
Suppose 29*b - 67316 = -13695. What is the remainder when b is divided by 35?
29
Let o be 28/(-14)*2/((-8)/398). Suppose -4*d = 3*z - o, d - z - 49 =